-3
Let c(f) = 6*f**2 - 5*f - 5. Let g be (-237 - -243)*(-2)/6. Determine c(g).
29
Let f be (-7)/(-2)*(0 + 2). Let z(i) be the second derivative of 0 + i**2 + 7/12*i**4 + 0*i**3 + i - 1/20*i**5. Give z(f).
2
Let z(y) = y**3 + 2*y**2 + 4*y + 9. Let q be z(-2). Let h(l) = 24*l**2 - 5*l + 4. Let d(s) = 23*s**2 - 4*s + 3. Let t(n) = -4*d(n) + 3*h(n). Calculate t(q).
-19
Let d(b) = b**2 - 7*b + 7. Let o(w) = w**2 + 22*w + 5. Let p = 5 + -27. Let x be o(p). What is d(x)?
-3
Let i(l) = 7*l + 17. Let p(o) = -3*o - 8. Let b(z) = -6*i(z) - 13*p(z). Let g(m) = 34*m + 482. Let h be g(-14). Calculate b(h).
-16
Let h(q) = 4*q - 4. Let g be (-3)/6 + (-63)/(-6). Let c be (-1)/(3 + -4) + 2. Let d(x) = -x + 1. Let z(u) = c*h(u) + g*d(u). Calculate z(3).
4
Let k(j) = -12*j**2 - 34*j - 37. Let r(z) = 3*z**2 + 7*z + 9. Let d(y) = 2*k(y) + 9*r(y). Calculate d(5).
57
Let r(g) = g**2 + 8*g + 6. Let o = -2 - 0. Let b be (-2)/o*(-5 - 0). Let w = 0 + b. Give r(w).
-9
Let o = -240 - -231. Let p(a) = a**2 + 8*a - 13. Determine p(o).
-4
Let d(t) be the second derivative of -t**3/2 - t**2 - 64*t. Give d(0).
-2
Let s be 20/(-15)*12 + 2. Let q = 16 + s. Suppose 4*r - 3*d - 31 = 0, -9 = -3*r + q*d + 13. Let k(g) = 4*g - 6. Calculate k(r).
10
Let m(o) = -o**3 - 4 + 2*o + o + 7*o**2 + 6*o. Suppose 3*y + 3*l = 15, -4*y + 12 = -y + 4*l. What is m(y)?
4
Suppose 0 = 2*d - 4, -4*s - 2*d = s - 74. Let w = s - 20. Let z(c) = 2*c**2 - c + 5 + 5*c**2 + c**2 - 2*c**2 + c**3 - 8. Determine z(w).
3
Let t(q) = -q**2 - 7*q + 1. Suppose -5*y = -2*z + 191, 3*y + 0*y + 126 = 5*z. Let w = 29 + y. Determine t(w).
-7
Let z(q) = 6*q - 14. Let j be z(-12). Let h = -61 - j. Let n(p) = -16 - 10 + h + p. Determine n(-7).
-8
Let j(b) = 622 - 308 + 3*b**3 - 313. Give j(-1).
-2
Let v(y) = -y**3 - 6*y**2 - 2*y - 5. Let t be v(-6). Suppose -p = i + 3*i - t, -p = -2*i + 5. Let z(g) = -2*g**2 + 2*g. Give z(i).
-4
Let c(y) = 1064*y - 1062*y - 2 + 3. Determine c(-4).
-7
Suppose -12 = 3*k, 0 = -j - 2*j + 2*k - 19. Let f(x) = x**2 + 9*x - 13. What is f(j)?
-13
Let p(y) = 3*y - y**3 + 6 + 0*y - 4 + 0*y**3 - 1. Give p(-2).
3
Let o(s) = s**3 - 4*s**2. Let q be (-1064)/(-70) - 11 - 2/10. Give o(q).
0
Let n(s) be the first derivative of -s**3/3 + 2*s**2 - 5*s - 5. Let c be ((-8)/(-5))/(28/70). What is n(c)?
-5
Let n(o) = 5*o**3 - 8*o**2 + 7*o + 8. Let d(w) = 5*w**3 - 7*w**2 + 6*w + 7. Let c(t) = 7*d(t) - 6*n(t). Let b = 46 - 45. Determine c(b).
5
Let j(v) = -v**2 - 7*v + 6. Let p(w) = 2*w**2 + 6*w - 5. Let n(c) = -3*j(c) - 2*p(c). Suppose 2*m + 24 = 6. Let o be ((-2)/(-3))/((-1)/m). Give n(o).
10
Let m(v) be the third derivative of -v**4/24 - 8*v**3/3 - 4*v**2 - 1. What is m(-11)?
-5
Let s be (-736)/(-144) - (-5)/(-45). Let g(v) = -2*v**2 + 8*v - 3. What is g(s)?
-13
Suppose 0 = -4*j + w + 16, j + 12 = 4*j + 2*w. Let r(m) = -2*m**2 - 2*m**2 + 5 + 0*m**2 - 2*m**3 + 3*m**3 - 4*m. Determine r(j).
-11
Let s be 2/4 - (-20)/8. Let j(a) = -3*a**2 + 6*a - 5. Let n(f) = 2*f**2 - 4*f + 3. Let q(v) = 3*j(v) + 4*n(v). Give q(s).
-6
Let m(d) = 5*d - 2. Suppose -5*l - 23 = -u, -l - 4*u - 8 - 5 = 0. Determine m(l).
-27
Suppose -5*s + 9*s = 24, -3*z + 39 = 5*s. Let j(b) = -3 + b**2 - b - 4*b + b. What is j(z)?
-6
Let v(z) = 36 + 4*z**3 + 0*z**3 - 2*z**3 - 38 - z**2. Determine v(-2).
-22
Let h(l) = -l**2 - 10*l - 2. Let v be -3 - (7/2 - (-3)/2). Determine h(v).
14
Let y(k) = 228 - k + 5*k - 227 - 2*k. Determine y(6).
13
Let l(c) = -c**3 + 8*c**2 + 11*c - 13. Suppose -5*z + 3 = -42. Let w be l(z). Let y(p) = p**2 - w*p - 2 + 5*p - 4*p. Calculate y(4).
-2
Suppose -82 = 31*t + 228. Let j(m) = 3*m + 12. Determine j(t).
-18
Let g(b) = -7 + 6*b - 15*b - 1 + 3 + 7*b. What is g(-3)?
1
Let z(u) = 6*u + 7. Let a be z(4). Let k(t) = 1 + 4*t - 29*t**2 - t + a*t**2. Calculate k(-2).
3
Let w(l) = -l**2 + 2 + 7*l + 1 + 0 - l. Suppose -49 = -40*p + 231. Calculate w(p).
-4
Let y(o) be the first derivative of -o**3 - 3*o**2/2 - 3*o - 572. Calculate y(4).
-63
Let g be 40/(-100) - 177/(-5). Suppose -o + g = -8*o. Let q(m) = 2*m - 5. What is q(o)?
-15
Let c(q) = -q**3 - 18*q**2 + q + 20. Let i be c(-18). Let t(n) = -n**2 + 5*n - 3 + 5*n**i - 5*n**2. Suppose 20 = 2*x + 3*x. Give t(x).
1
Let w(k) = k**2 - 7*k - 6. Let n(y) = -y**3 + y**2 + y + 10. Let l be n(0). Let s be (-4)/8 + (-115)/l. Let h = -5 - s. Give w(h).
-6
Let o = 407 + -412. Let q(t) = -2*t**2 - 10*t - 14. Determine q(o).
-14
Let v(p) = p - 68 - 3*p**3 + 65 + 11*p**3 + 5*p**2 - 7*p**3. Let z be -2*(-1)/(-4)*10. Determine v(z).
-8
Let l(j) = j**2 + 8*j + 7. Suppose -4*u = -11*u - 42. Let k(m) = -m**3 - m**2 - m - 1. Let o be k(0). Let g = u - o. Determine l(g).
-8
Let x be (2 - (-10)/(-6))/((-8)/(-528)). Let b = x - 13. Let i(r) = -r**2 + 10*r - 3. Give i(b).
6
Let s be (-3)/(-18) - (-214)/12. Let u(j) = -j**2 - 2*j**2 + 19*j**3 - s*j**3 + 2. What is u(2)?
-2
Let q(o) = -17*o**3 - 62*o**2 - 6*o - 104. Let l(a) = 12*a**3 + 42*a**2 + 4*a + 69. Let y(c) = -7*l(c) - 5*q(c). What is y(-16)?
5
Suppose -30 = -n - 4*n. Let s(i) = 3*i**3 + 3*i**2 + 4*i - 8. Let a(g) = -2*g**3 + g**2 + g + 1. Let b(o) = 2*a(o) + s(o). Calculate b(n).
-6
Suppose -16*l + 12*l = -q - 13, 0 = 5*q - 5*l - 10. Let g(t) = t**2 - 5*t + 6. Give g(q).
20
Suppose -2*f + 5*f = 24. Let v(h) = h + 15. Let r(w) = 5. Let o(z) = f*r(z) - 3*v(z). Calculate o(-5).
10
Let j(n) = -n**3 + 3*n**2 + 2*n + 2. Let b be j(3). Let c(y) = y - 2. What is c(b)?
6
Let s(c) = 4 + 3*c**2 - 4 - 1 + 0. Let h be -1*(1 + -2)*-1. Let o = 2 + h. What is s(o)?
2
Let i be 2/4 - (-57)/(-38) - -9. Let m(u) = u**2 - 12*u + 17. Give m(i).
-15
Let b(k) = -k**2 - k - 1. Let f(w) = 18*w**2 + 7*w + 6. Let t(j) = 6*b(j) + f(j). What is t(-1)?
11
Suppose 330 = 17*n + 347. Let r(u) = -7*u + 1. What is r(n)?
8
Suppose -36 = 11*d - 113. Let z(g) = -g + 8. Give z(d).
1
Suppose s - 4 = -2*b + 17, b = 2*s + 13. Let g(q) = -q**3 + 12*q**2 - 11*q - 3. Calculate g(b).
-3
Let n = -2722 - -2715. Let t(o) = -o**2 - 3*o - 1. What is t(n)?
-29
Suppose -2 = -u + 3. Suppose -4*w - 3*f = -u*f - 30, -2*f - 18 = -2*w. Let k(x) = x**2 - 6*x - 5. Give k(w).
-5
Let k(t) = 5*t**3 + 6*t**2 + t + 6. Let i(j) = -11*j**3 - 11*j**2 - 2*j - 11. Let m(g) = 6*i(g) + 11*k(g). Calculate m(-1).
12
Let n(m) = -m**3 - 2. Let i(o) = -12*o**3 - o**2 - 2*o + 7. Let b(a) = -i(a) - 4*n(a). Give b(-1).
-16
Let o be (-414)/(-21) + (-1)/(21/(-6)). Let q be 65/o - -1*(-1)/4. Let m(v) be the second derivative of v**5/20 - v**4/3 + 2*v**2 - v. Give m(q).
-5
Suppose 49*p - 5*p = 0. Let h(o) be the third derivative of -1/8*o**4 - 7/6*o**3 + 0*o + p - 8*o**2. Calculate h(-5).
8
Let l(x) = -10*x**2 - 2*x - 1. Let q(p) = -p**2. Let c(v) = l(v) - 3*q(v). Suppose -2*z = -0*z + h + 3, z = -3*h - 4. Let n be (4*z/(-4))/(-1). Determine c(n).
-6
Let t(s) = 5*s**3 + 8*s**2 + 4*s + 7. Let w(m) = -14*m**3 - 25*m**2 - 11*m - 19. Let v(f) = -11*t(f) - 4*w(f). What is v(-12)?
-1
Let c(n) be the second derivative of -n**3/3 + n**2/2 + 2*n. Let t = -314 - -315. Calculate c(t).
-1
Let q be ((-12)/8)/(6/12). Let z(o) be the third derivative of -1/12*o**4 + o**2 + 1/120*o**6 + 1/20*o**5 + 0*o - 1/2*o**3 + 0. Determine z(q).
3
Let p(s) = 15*s + 17*s + 18*s + 12*s + 3 - 64*s. Suppose 4*g = 2*n - 36, n + 0*n - 4 = 0. Calculate p(g).
17
Let s(h) be the third derivative of h**6/120 - 3*h**5/10 - 7*h**4/8 + 9*h**3/2 - 113*h**2. What is s(19)?
-11
Suppose -x + 2*d - 3*d + 6 = 0, 12 = 4*d. Let u(s) = 3*s - 3. What is u(x)?
6
Let n(p) be the third derivative of p**4/24 + 7*p**3/6 - 5*p**2. Suppose 22*u = 19*u - 18. Determine n(u).
1
Let d(b) = 13 + 4 + b + 11 - 24. What is d(-7)?
-3
Let q = 55 - 56. Let f be 3 - q - (-12)/(-2). Let t(y) = -3*y. What is t(f)?
6
Let r(w) = 4*w + 14. Suppose 12 = -4*q + c - 16, -3*q - 5*c + 2 = 0. Determine r(q).
-10
Let v(t) = 20*t**2 + 6*t - 1. Let p(q) = 17*q**2 + 5*q - 2. Let l(x) = -6*p(x) + 5*v(x). Determine l(3).
-11
Let v(k) = -2*k + 3*k + 5*k**2 - 6*k - 1 - k**3. Suppose -3*c - 18 = -5*y, -44*c + 45*c + 5*y = 34. What is v(c)?
-5
Let z(v) be the third derivative of -1/24*v**4 + 0 + 0*v**3 + 2/15*v**5 + 0*v - 15*v**2. What is z(1)?
7
Let t(v) = -12*v**3 + 15 - 5*v**3 + 2*v**2 + 21*v**3 - 9*v - 13*v**2 - 5*v**3. What is t(-10)?
5
Let q be 1*(3 - (1 + 1)). Let y = -14 - -16. Let i(a) = 2 - 1 + y*a**2 + a - 2.